7)?
-3
Let i(d) = -297*d**2 + 5343*d - 14. Calculate i(18).
-68
Let h(u) = -7*u**2 + 353*u + 480. Calculate h(38).
3786
Let u(y) = 29*y - 58. What is u(-58)?
-1740
Let t(s) = -s**3 + 34*s**2 + 305*s - 748. What is t(41)?
-10
Let n(p) = 2*p**3 - 104*p**2 + 827*p - 131. Determine n(42).
-677
Let p(f) = -1239*f - 10061. What is p(-8)?
-149
Let r(i) = 28504*i + 57055. Calculate r(-2).
47
Let p(a) = a**3 + 21*a**2 - 451*a - 3232. Calculate p(-6).
14
Let n(q) = 3248*q**2 - 42207*q - 236. Determine n(13).
-15
Let x(z) = -1761*z - 503645. What is x(-286)?
1
Let j(i) = -23*i**2 + 55*i - 14. Give j(2).
4
Let g(o) = -53277*o + 532763. What is g(10)?
-7
Let n(h) = 3*h**3 - 136*h**2 - 198*h - 1733. Calculate n(47).
6
Let l(j) = j**2 - 864*j - 7866. Give l(873).
-9
Let d(x) = -12*x**2 + 3742*x + 582. Give d(312).
-42
Let d(y) = -43*y**2 + 441*y - 487. What is d(9)?
-1
Let x(q) = -q**3 + 59*q**2 - 758*q + 33017. Determine x(56).
-23
Let x(u) = -u**3 - 17*u**2 - 5197*u - 20563. Calculate x(-4).
17
Let g(y) = -37*y**2 + 2295*y - 596. What is g(0)?
-596
Let r(t) = t**3 - 15*t**2 + 616*t - 10686. Determine r(17).
364
Let d(f) = -2*f**2 + 144*f - 2148. What is d(81)?
-3606
Let j(d) = 10*d**2 - 285*d - 617. Determine j(-2).
-7
Let p(r) = -2*r**3 + 103*r**2 - 10*r - 6968. Determine p(50).
32
Let a(r) = 3*r**3 - 60*r**2 + 53*r + 9. What is a(19)?
-67
Let d(j) = -7144*j + 1471667. Give d(206).
3
Let p(v) = 49*v**3 - 416*v**2 + 802*v + 5. What is p(3)?
-10
Let t(l) = 575329*l - 4602642. Calculate t(8).
-10
Let x(z) = -3*z**3 + 4*z**2 - 748*z + 2951. What is x(4)?
-169
Let s(d) = d**3 - 349*d**2 + 395*d - 45. What is s(1)?
2
Let r(h) = 7*h**3 + 993*h**2 - 1117*h + 3863. Give r(-143).
2
Let i(u) = -6*u**3 + 11*u**2 + 9*u - 172. Give i(6).
-1018
Let f(z) = -z**3 + 126*z**2 + 743*z - 93622. Give f(126).
-4
Let m(a) = 71782*a - 19. What is m(0)?
-19
Let i(q) = -2*q**3 - 40*q**2 - 109*q - 646. Calculate i(-18).
20
Let t(z) = -1194534*z - 2389073. Give t(-2).
-5
Let k(o) = 2*o**3 - 141*o**2 + 74*o - 308. Determine k(70).
-28
Let x(a) = -a**3 - 568*a**2 + 79350*a - 706. Determine x(116).
-10
Let d(u) = -6*u**3 + 36*u**2 - 619*u - 656. Determine d(-1).
5
Let b(r) = -4*r**2 + 939*r + 8188. What is b(-9)?
-587
Let o(p) = 6190*p**2 + 67959*p + 12. Give o(-11).
1453
Let f(l) = 2194*l**2 - 57041*l - 77. Calculate f(26).
1
Let g(l) = -l**2 - 954*l - 171371. What is g(-240)?
-11
Let t(k) = 12814*k + 320346. Calculate t(-25).
-4
Let o(b) = 25*b**2 + 132*b + 28. Calculate o(-5).
-7
Let g(n) = 3*n**2 - 287*n - 2073. What is g(-7)?
83
Let u(p) = -20*p**2 - 3198*p + 305. Determine u(-160).
-15
Let b(l) = -39*l**2 + 2819*l - 772. Give b(72).
20
Let i(v) = 21*v - 18098. Calculate i(859).
-59
Let g(a) = -50*a**2 + 770*a - 2417. Calculate g(11).
3
Let s(l) = -1042*l - 55227. Determine s(-53).
-1
Let v(m) = 2770*m + 2677. Give v(-1).
-93
Let q(t) = t**3 + 414*t**2 + 2341*t + 1319980. Give q(-416).
12
Let g(w) = 2*w**3 - 46*w**2 + 34*w + 845. Determine g(22).
625
Let s(a) = -21*a**2 + 4319*a - 38434. Determine s(9).
-1264
Let f(v) = -20117*v - 15. Calculate f(0).
-15
Let a(n) = 2*n**3 - 2*n**2 - 955*n + 4600. What is a(5)?
25
Let f(m) = -382*m**2 + 16478*m - 2238. Give f(43).
-2
Let y(c) = 21*c**2 - 1203*c + 4825. Calculate y(4).
349
Let w(d) = -2*d**2 - 190*d + 8898. What is w(35)?
-202
Let a(u) = -3314*u + 16848. Give a(6).
-3036
Let l(b) = 4933*b**2 - 24658*b - 15. Give l(5).
20
Let a(r) = -20841*r + 295. Calculate a(0).
295
Let d(s) = 2*s**3 + 857*s**2 - 642*s - 91378. Give d(-429).
-1
Let o(i) = -i**3 - 25*i**2 - 18*i + 619. Determine o(-20).
-1021
Let r(n) = 2*n**3 + 43*n**2 - 261*n + 346. Calculate r(3).
4
Let j(k) = -1580*k - 423441. Determine j(-268).
-1
Let z(y) = -y**3 - 259*y**2 + 8299*y - 15244. Calculate z(-288).
20
Let s(m) = -131*m + 4497. What is s(28)?
829
Let f(x) = -1482*x - 250525. Determine f(-169).
-67
Let z(h) = 35668*h + 1997378. Calculate z(-56).
-30
Let g(p) = -5*p**3 + 4*p**2 + 540*p + 5. Determine g(11).
-226
Let a(n) = 36068*n + 13164809. Calculate a(-365).
-11
Let x(c) = 2*c**2 - 158*c + 3759. Give x(25).
1059
Let o(x) = -2*x**3 - 26*x**2 - 113*x - 40. What is o(-15)?
2555
Let h(i) = 2*i**3 - 1366*i**2 - 1239*i - 88229. Determine h(684).
7
Let r(n) = -4*n**3 + 88*n**2 + 84*n + 129. Calculate r(23).
-55
Let n(y) = 665*y**2 + 16623*y - 74. Determine n(-25).
-24
Let t(m) = -26*m**2 + 1045*m - 2. Calculate t(0).
-2
Let p(f) = -f**2 + 201*f - 5016. Determine p(172).
-28
Let o(j) = 2*j**2 + 368*j + 5646. Determine o(-166).
-330
Let q(w) = w**2 + 1153*w + 35876. Give q(-32).
4
Let v(k) = 7*k**2 - 2157*k + 27188. Calculate v(295).
48
Let y(i) = 44*i**2 + 1863*i - 3709. What is y(2)?
193
Let u(p) = -2*p**3 + 200*p**2 + 4271*p - 34287. Determine u(117).
-6
Let b(k) = -5452*k**2 - 975907*k + 156. Give b(-179).
-23
Let a(t) = -14*t + 901. Give a(70).
-79
Let a(b) = -b**2 - 38*b - 188. Give a(-23).
157
Let y(v) = -64*v + 3994. What is y(63)?
-38
Let k(j) = -3*j**3 - 1638*j**2 + 1642*j + 518. Give k(-547).
-29
Let h(o) = -o**2 - 60*o + 10520. What is h(73)?
811
Let a(x) = -12*x**2 + 21*x + 7. Give a(5).
-188
Let h(a) = 647*a - 14755. Calculate h(23).
126
Let u(o) = -o**3 - 215*o**2 - 12*o - 2412. Determine u(-215).
168
Let m(g) = 4*g**2 - 274*g - 2255. Calculate m(76).
25
Let y(c) = 11*c**2 + 140*c - 1272. Calculate y(6).
-36
Let i(t) = -5*t**3 + 207*t**2 + 1363*t - 367. Determine i(-6).
-13
Let h(c) = c**3 - 72*c**2 - 399*c + 253. Calculate h(77).
-825
Let i(q) = -2*q**3 - 177*q**2 + 1909*q + 5. Calculate i(10).
-605
Let s(b) = 2*b**3 + 64*b**2 + 148*b - 490. What is s(-29)?
264
Let v(q) = -1193*q - 5237. What is v(-2)?
-2851
Let d(b) = -198*b**2 - 63*b - 82. What is d(-2)?
-748
Let a(l) = -8*l**2 - 34549*l + 207263. Calculate a(6).
-319
Let j(q) = -q**2 - 361469*q - 2168774. Give j(-6).
4
Let d(g) = g**3 - 42*g**2 - 1692*g - 58. Determine d(67).
-1197
Let v(t) = 10748*t + 38574. What is v(-4)?
-4418
Let x(u) = 140*u - 11071. What is x(78)?
-151
Let o(i) = -42*i**2 - 1041*i - 1842. What is o(-24)?
-1050
Let i(j) = -48*j**2 - 130*j + 503. Calculate i(4).
-785
Let b(d) = d**3 - 87*d**2 - 584*d + 2124. Calculate b(93).
-294
Let r(d) = d**2 + 500*d + 56851. What is r(-174)?
127
Let r(n) = -114*n - 13483. What is r(-119)?
83
Let j(q) = -921*q**3 - 11*q**2 + 2*q + 16. Give j(-2).
7336
Let h(a) = -2*a**2 + 3386*a - 383370. What is h(122)?
-46
Let x(r) = -20374*r - 3382083. What is x(-166)?
1
Let f(p) = -p**3 + p**2 + 361*p + 2357. Calculate f(-16).
933
Let c(u) = u**3 - 193*u**2 + 7653*u + 743. Calculate c(137).
-1860
Let t(m) = -m**2 - 446*m - 45932. Determine t(-277).
881
Let u(c) = -73*c**3 - 10*c**2 + 45*c - 35. Determine u(2).
-569
Let f(x) = -45*x**3 - 15*x**2 + 35*x + 98. Give f(-2).
328
Let s(t) = 3*t**3 + 13*t**2 - 1598*t - 6420. Calculate s(-4).
-12
Let w(i) = -i**3 + 24*i**2 - 106*i + 483. Give w(20).
-37
Let p(f) = 15168*f**2 - 30328*f + 1. Give p(2).
17
Let z(x) = -x**2 + 8313*x - 124459. Calculate z(15).
11
Let y(l) = 24*l - 2359. Determine y(93).
-127
Let n(d) = d**2 - 417*d - 133241. Calculate n(-212).
107
Let m(i) = -3*i**3 - 422*i**2 - 327*i - 6576. Calculate m(-140).
4
Let h(w) = -103*w**2 + 2765*w + 474. Calculate h(27).
42
Let c(v) = 4*v**3 + 935*v**2 + 12918*v - 641. Calculate c(-219).
16
Let s(q) = q**3 + 362*q**2 - 2515*q - 5. What is s(7)?
471
Let h(t) = 20*t**3 + 196*t**2 - 20*t - 4. Give h(-8).
2460
Let i(s) = 11*s**2 + 155*s - 1004. Determine i(7).
620
Let a(u) = -12611*u - 580097. Give a(-46).
9
Let z(k) = -8*k**2 + 487*k + 260. What is z(63)?
-811
Let l(p) = 189366*p + 946824. What is l(-5)?
-6
Let m(s) = -3*s**3 - 15*s**2 - 66*s - 61. Determine m(-1).
-7
Let c(d) = -3861*d + 46330. What is c(12)?
-2
Let q(c) = -48704*c + 97505. Determine q(2).
97
Let q(f) = -228779*f + 10295047. Calculate q(45).
-8
Let c(a) = 4*a**2 - 354*a - 278. Determine c(90).
262
Let o(t) = -2*t**3 + 38*t**2 + 3095*t - 282. Calculate o(-31).
-127
Let c(i) = -4*i**3 + 69*i**2 + 2811*i - 46259. What is c(16)?
-3
Let n(t) = -2*t**2 + 92817*t - 278430. Give n(3).
3
Let o(m) = 176*m**2 + 20065*m + 143. Determine o(-114).
29
Let d(f) = 5783*f + 28747. Calculate d(-5).
-168
Let h(y) = -y**3 + 13*y**2 - 7*y + 312. Determine h(9).
573
Let z(g) = 9*g**2 + 2683*g + 30908. What is z(-12)?